 base 12
-6b958
Convert 623111 (base 7) to base 12.
51922
-14555 (base 10) to base 9
-21862
14e1be (base 16) to base 8
5160676
What is 13323044343 (base 5) in base 8?
100671132
Convert -55525213 (base 6) to base 10.
-1675593
What is -c4297 (base 15) in base 13?
-189c0a
111101000011110111010 (base 2) to base 14
3a1242
What is 55030125 (base 7) in base 6?
245004303
-64037 (base 13) to base 11
-113429
What is 8055 (base 14) in base 9?
33184
Convert -114341443 (base 6) to base 5.
-1024100300
What is -11044331 (base 5) in base 9?
-156751
What is -13020122303 (base 4) in base 8?
-7103263
1885b8b (base 12) to base 11
29aa468
1bac6 (base 14) to base 2
10001010001001110
2594593 (base 11) to base 10
4486177
Convert 1143457 (base 10) to base 16.
1172a1
-451653 (base 11) to base 10
-719524
-120010032301 (base 4) to base 7
-104423650
What is -39d22 (base 14) in base 6?
-3015454
What is 51383 (base 14) in base 2?
101111101111000111
Convert -100220300221 (base 4) to base 5.
-2104030012
Convert 82a77 (base 11) to base 12.
5a0a4
Convert -10052520 (base 6) to base 10.
-287040
What is -200210120023 (base 4) in base 5?
-4141200421
10101222201 (base 3) to base 8
202764
What is 5612244 (base 8) in base 7?
15566643
What is -11001001100011100000 (base 2) in base 12?
-339914
Convert -321743 (base 8) to base 16.
-1a3e3
What is 20330114 (base 5) in base 16?
28e6e
What is -301012102 (base 4) in base 11?
-128104
-1067210 (base 8) to base 13
-a2277
20000010212011 (base 3) to base 8
14131242
Convert -11240145 (base 6) to base 11.
-218002
249a491 (base 11) to base 6
232512045
What is 5a5cf1 (base 16) in base 7?
101223255
What is 502680 (base 11) in base 16?
c571b
-10012333300 (base 4) to base 7
-12104422
What is -31323350 (base 6) in base 7?
-10522206
Convert -d7408 (base 15) to base 7.
-5542154
Convert 110020210021200 (base 3) to base 11.
3747816
1a07b (base 14) to base 2
10000000110101101
-3282 (base 12) to base 14
-205c
-13121414 (base 5) to base 4
-133221021
-1c6e9 (base 16) to base 13
-41013
What is -230052402 (base 6) in base 12?
-14aa102
Convert 83653 (base 9) to base 4.
31132221
Convert 2a7428 (base 11) to base 16.
74c87
1075111 (base 8) to base 11
190522
473200 (base 8) to base 3
22012102002
2b6b1 (base 12) to base 11
42209
What is -14320312220 (base 5) in base 4?
-1020022103100
What is 121221020010221 (base 3) in base 6?
520520511
-2ebe3 (base 15) to base 4
-210322110
-85074b (base 13) to base 12
-106238b
Convert 22012020110221 (base 3) to base 15.
5b0411
Convert -11528 (base 10) to base 7.
-45416
Convert 33052500 (base 7) to base 4.
22310200200
63096 (base 15) to base 2
1001100101010100000
301154314 (base 6) to base 14
96ac2a
What is 1072bb (base 12) in base 14?
6b367
Convert 142d00 (base 14) to base 2.
10101010110010000100
What is -68c16 (base 14) in base 5?
-31123240
Convert -2232232013 (base 4) to base 10.
-715655
1143162 (base 7) to base 8
433436
What is -2d104a (base 16) in base 8?
-13210112
Convert 302013303 (base 4) to base 16.
321f3
What is -204ff (base 16) in base 4?
-200103333
Convert -18331 (base 9) to base 8.
-30570
120119 (base 13) to base 7
3433403
101222100203 (base 4) to base 9
8635472
Convert ca1a (base 15) to base 10.
42775
What is -d80188 (base 14) in base 16?
-6f611c
Convert -234802 (base 13) to base 8.
-3145413
What is 10111000011101001 (base 2) in base 6?
2005121
What is 51554256 (base 7) in base 5?
2102123130
What is -1101200221100202 (base 3) in base 12?
-6862b6b
Convert -11122021101 (base 3) to base 8.
-262274
-b920b (base 12) to base 5
-30301242
What is 55252340 (base 6) in base 16?
194304
What is 20151630 (base 8) in base 3?
21222211210211
Convert 1374761 (base 14) to base 5.
4403034403
Convert 664246 (base 7) to base 11.
7a799
What is 101001010001101010 (base 2) in base 9?
276821
What is -62789 (base 12) in base 2?
-11111011111011001
Convert 1205694 (base 13) to base 12.
1a52063
-13d359 (base 16) to base 3
-2110000021211
-2111202012 (base 3) to base 6
-1020352
-1001000001110101100 (base 2) to base 12
-123264
What is -4303300 (base 6) in base 12?
-a1b30
Convert 3241311 (base 5) to base 9.
84524
What is 11101202201 (base 3) in base 9?
141681
Convert 10001011000110101 (base 2) to base 12.
35271
ddc3d (base 16) to base 8
3356075
What is -582405 (base 10) in base 15?
-b7870
-32223020122 (base 4) to base 6
-214240414
2807636 (base 10) to base 8
12553524
-1142304231 (base 5) to base 6
-133452053
What is 521a79 (base 12) in base 5?
312221033
-2030433340 (base 5) to base 4
-33312201032
-81b65 (base 13) to base 5
-24421002
162882 (base 15) to base 3
2000110020012
Convert 2b7405 (base 12) to base 4.
2310102011
Convert -bb4c4 (base 13) to base 11.
-211910
-107028 (base 10) to base 6
-2143300
What is 1433433140 (base 5) in base 16?
3a2956
Convert -212553 (base 7) to base 16.
-9078
-21122120110 (base 3) to base 9
-248513
Convert 2071621 (base 9) to base 15.
16dd7d
What is -224334 (base 6) in base 13?
-8932
Convert -2321234 (base 5) to base 12.
-20419
-201cbca (base 13) to base 15
-cbc313
-51876 (base 9) to base 10
-34251
What is -423203321 (base 6) in base 2?
-11100010111000110000001
17521 (base 10) to base 15
52d1
3565144 (base 8) to base 2
11101110101001100100
Convert -421453 (base 8) to base 3.
-21010010222
2232340334 (base 5) to base 3
100100020211101
103023231310 (base 4) to base 2
10011001011101101110100
What is 5631201 (base 8) in base 11?
949212
-993b6 (base 12) to base 15
-40116
111001000011110001101 (base 2) to base 5
434312314
230321 (base 4) to base 13
1400
-404d7e (base 16) to base 10
-4214142
-75b20 (base 13) to base 5
-23302142
Convert 3599e (base 15) to base 12.
82ab8
Convert 354f (base 16) to base 7.
54534
-4e87d8 (base 15) to base 8
-16315064
What is 7a1915 (base 11) in base 6?
43204203
-351112450 (base 6) to base 16
-631a8e
-101000001001011011001 (base 2) to base 8
-5011331
Convert -6500741 (base 8) to base 13.
-48a928
203200310 (base 4) to base 12
70218
14004020002 (base 5) to base 16
10d3195
What is 3267124 (base 8) in base 9?
1581373
2bca2b4 (base 13) to base 10
14103028
Convert a2fd2 (base 16) to base 5.
132330402
What is -166434 (base 9) in base 4?
-121023220
What is -42b5a (base 13) in base 8?
-353374
1b0a54 (base 14) to base 11
5a8100
What is -4b458 (base 12) in base 8?
-310304
1596957 (base 12) to base 14
833c55
Convert -60133510 (base 7) to base 13.
-104b7b3
-4586a3 (base 16) to base 8
-21303243
Convert 7160441 (base 8) to base 3.
10120011012211
What is -376279 (base 10) in base 2?
-1011011110111010111
Convert 1671000 (base 8) to base 2.
1110111001000000000
1033204340 (base 5) to base 4
20203023010
-2a7a08 (base 11) to base 8
-1647507
-13106576 (base 9) to base 4
-120210203211
Convert 397767 (base 12) to base 16.
e707f
-10001000110111110100111 (base 2) to base 10
-4485031
Convert 112202110110 (base 3) to base 5.
33243403
Convert -8202860 (base 9) to base 10.
-4371786
What is 24391 (base 14) in base 4?
111213023
What is -2921589 (base 10) in base 4?
-23021101311
Convert 201214400 (base 5) to base 8.
3042776
What is 12002211002011 (base 3) in base 7?
32025436
Convert 143322121 (base 6) to base 15.
3d8b04
What is 19365a (base 11) in base 16?
48a84
Convert -3454141 (base 7) to base 9.
-730741
What is 13220211230 (base 4) in base 3?
10202200012202
133231231 (base 5) to base 7
5532031
4671314 (base 8) to base 3
2101202101101
Convert 11332321001 (base 4) to base 9.
2850288
9bda5 (base 15) to base 13
1448ba
-57388 (base 11) to base 7
-463633
What is 401134 (base 9) in base 8?
716755
1534541 (base 9) to base 3
1121011121101
What is -10000100111010111 (base 2) in base 14?
-1ab31
434405 (base 8) to base 11
9a497
What is -343324000 (base 5) in base 15?
-207000
3004913 (base 10) to base 8
13354761
Convert -1200123200 (base 4) to base 15.
-7c06b
-11001010111011111 (base 2) to base 3
-12021112021
-24303130 (base 5) to base 3
-102121111110
Convert 968428 (base 16) to base 2.
100101101000010000101000
What is -26554557 (base 8) in base 5?
-3011011103
15238588 (base 9) to base 12
2659068
Convert 11447 (base 10) to base 15.
35d2
241140 (base 6) to base 3
1001211020
Convert -b0b55 (base 12) to base 5.
-24322440
Convert -971b17 (base 15) to base 7.
-115103401
What is 17affe (base 16) in base 11?
970367
Convert 2610410 (base 11) to base 9.
